by 132.
50
Calculate the remainder when 951080 is divided by 15591.
29
What is the remainder when 478423 is divided by 159444?
91
What is the remainder when 1593078 is divided by 279?
267
Calculate the remainder when 41931 is divided by 6.
3
Calculate the remainder when 3667414 is divided by 523915.
9
What is the remainder when 104477046 is divided by 481?
479
What is the remainder when 43121 is divided by 14235?
416
Calculate the remainder when 24320022 is divided by 1932.
6
What is the remainder when 486006 is divided by 6068?
566
What is the remainder when 4139792 is divided by 138?
68
What is the remainder when 4336200 is divided by 32850?
0
Calculate the remainder when 1888963 is divided by 44.
43
Calculate the remainder when 533840 is divided by 9885.
50
What is the remainder when 8039660 is divided by 2177?
2176
What is the remainder when 315970 is divided by 55?
50
Calculate the remainder when 1470891 is divided by 112.
107
What is the remainder when 11137 is divided by 1520?
497
What is the remainder when 1104279 is divided by 2428?
1967
Calculate the remainder when 522885 is divided by 244.
237
What is the remainder when 5960323 is divided by 60819?
61
Calculate the remainder when 637286 is divided by 164.
146
Calculate the remainder when 133515 is divided by 13337.
145
Calculate the remainder when 73402471 is divided by 31.
20
Calculate the remainder when 25527004 is divided by 8508939.
187
Calculate the remainder when 222948 is divided by 963.
495
Calculate the remainder when 9719262 is divided by 1905.
1857
Calculate the remainder when 1277847 is divided by 269.
97
Calculate the remainder when 728097 is divided by 1125.
222
What is the remainder when 686997 is divided by 5822?
1
What is the remainder when 368149 is divided by 13478?
4243
What is the remainder when 10270184 is divided by 47328?
8
What is the remainder when 7242547 is divided by 23746?
17
What is the remainder when 24273 is divided by 8063?
84
Calculate the remainder when 1087693 is divided by 4282.
65
Calculate the remainder when 37477560 is divided by 701.
698
Calculate the remainder when 14875 is divided by 390.
55
What is the remainder when 1358848 is divided by 452502?
1342
Calculate the remainder when 8369637 is divided by 2776.
2773
What is the remainder when 8328104 is divided by 33?
26
What is the remainder when 14792 is divided by 1279?
723
What is the remainder when 743487 is divided by 7285?
417
What is the remainder when 153469222 is divided by 36?
34
What is the remainder when 208440593 is divided by 41?
37
What is the remainder when 30710 is divided by 957?
86
Calculate the remainder when 2904576 is divided by 35.
31
What is the remainder when 202233 is divided by 6843?
3786
What is the remainder when 72466456 is divided by 14493290?
6
What is the remainder when 3093720 is divided by 281241?
69
What is the remainder when 70971547 is divided by 5199?
5197
What is the remainder when 180787 is divided by 453?
40
Calculate the remainder when 331048 is divided by 248.
216
What is the remainder when 164323 is divided by 4420?
783
Calculate the remainder when 476279 is divided by 237948.
383
Calculate the remainder when 128062 is divided by 3640.
662
What is the remainder when 39365711 is divided by 1913?
1910
Calculate the remainder when 14347 is divided by 10051.
4296
What is the remainder when 3899952 is divided by 53?
0
Calculate the remainder when 181144 is divided by 25851.
187
What is the remainder when 431758 is divided by 215833?
92
Calculate the remainder when 4750535 is divided by 2375262.
11
Calculate the remainder when 12595 is divided by 4624.
3347
Calculate the remainder when 47721 is divided by 1013.
110
Calculate the remainder when 3778 is divided by 636.
598
What is the remainder when 753631 is divided by 57969?
34
Calculate the remainder when 213489 is divided by 26.
3
Calculate the remainder when 1853586 is divided by 1372.
14
Calculate the remainder when 88464989 is divided by 77.
74
Calculate the remainder when 6980788 is divided by 25.
13
What is the remainder when 24547719 is divided by 676?
131
What is the remainder when 352244 is divided by 298?
8
Calculate the remainder when 449591 is divided by 11831.
13
What is the remainder when 1236835 is divided by 34355?
55
Calculate the remainder when 8141107 is divided by 2981.
2977
Calculate the remainder when 3290178 is divided by 155.
148
What is the remainder when 13123898 is divided by 185?
183
Calculate the remainder when 44246 is divided by 1226.
110
What is the remainder when 542089 is divided by 2117?
137
What is the remainder when 5104450 is divided by 8479?
92
Calculate the remainder when 463065 is divided by 1845.
1815
What is the remainder when 7913679 is divided by 3568?
3423
What is the remainder when 14663496 is divided by 23689?
5
Calculate the remainder when 2558221 is divided by 42637.
1
What is the remainder when 3443585 is divided by 503?
47
Calculate the remainder when 139093 is divided by 1305.
763
What is the remainder when 11274033 is divided by 15?
3
Calculate the remainder when 7564709 is divided by 27.
11
What is the remainder when 254518 is divided by 4995?
4768
Calculate the remainder when 315008 is divided by 3539.
37
What is the remainder when 5095 is divided by 5045?
50
Calculate the remainder when 40287703 is divided by 137.
113
What is the remainder when 1025672 is divided by 127416?
6344
What is the remainder when 40112 is divided by 13254?
350
What is the remainder when 179380 is divided by 476?
404
Calculate the remainder when 30017909 is divided by 30.
29
Calculate the remainder when 18883081 is divided by 292.
25
Calculate the remainder when 382473 is divided by 215.
203
Calculate the remainder when 52599763 is divided by 3323.
3319
What is the remainder when 201385 is divided by 25093?
641
Calculate the remainder when 19423421 is divided by 83.
10
What is the remainder when 82510 is divided by 10308?
46
What is the remainder when 5691808 is divided by 15?
13
Calculate the remainder when 1072345 is divided by 23782.
2155
Calculate the remainder when 21602786 is divided by 79.
78
Calculate the remainder when 13258 is divided by 1802.
644
What is the remainder when 64049936 is divided by 2070?
2066
What is the remainder when 41407340 is divided by 176?
172
What is the remainder when 159195 is divided by 1884?
939
Calculate the remainder when 41376 is divided by 588.
216
Calculate the remainder when 8797906 is divided by 102.
100
Calculate the remainder when 574343 is divided by 2748.
11
Calculate the remainder when 254039 is divided by 40.
39
Calculate the remainder when 151262 is divided by 464.
462
What is the remainder when 54824 is divided by 6046?
410
What is the remainder when 1938621 is divided by 203?
174
Calculate the remainder when 2855944 is divided by 190376.
304
What is the remainder when 79000673 is divided by 8617?
17
What is the remainder when 2401131 is divided by 572?
447
Calculate the remainder when 977342 is divided by 48865.
42
What is the remainder when 12958 is divided by 519?
502
Calculate the remainder when 748725551 is divided by 12.
11
Calculate the remainder when 2992515 is divided by 80876.
103
Calculate the remainder when 30007 is divided by 2505.
2452
What is the remainder when 547107 is divided by 186?
81
Calculate the remainder when 31872 is divided by 247.
9
Calculate the remainder when 392613 is divided by 3770.
533
What is the remainder when 10693490 is divided by 1477?
10
Calculate the remainder when 1069103 is divided by 23716.
1883
Calculate the remainder when 64149593 is divided by 527.
518
Calculate the remainder when 131423 is divided by 5054.
19
Calculate the remainder when 749816 is divided by 4008.
320
Calculate the remainder when 228574 is divided by 32343.
2173
What is the remainder when 5887832 is divided by 1177555?
57
What is the remainder when 8827948 is divided by 47208?
52
What is the remainder when 206589163 is divided by 15?
13
What is the remainder when 207771 is divided by 216?
195
What is the remainder when 2028782 is divided by 1014383?
16
What is the remainder when 34029 is divided by 5100?
3429
What is the remainder when 15001014 is divided by 30?
24
What is the remainder when 166094606 i